 (base 13) to base 4
313330233
25320 (base 11) to base 12
1902a
What is -255c (base 14) in base 8?
-14626
-587741 (base 12) to base 9
-2608234
-22002022121212 (base 3) to base 10
-4297181
Convert -1b704 (base 12) to base 10.
-40756
Convert -42a527b (base 12) to base 3.
-212211002111012
-113031110 (base 4) to base 10
-95060
43353313 (base 8) to base 7
142003524
-1532111 (base 6) to base 15
-1b984
Convert -10011101100100101 (base 2) to base 9.
-132601
Convert 58c14 (base 15) to base 3.
112100222201
What is 179397 (base 10) in base 16?
2bcc5
-1798a5 (base 12) to base 10
-410813
What is -101100100001001011 (base 2) in base 3?
-100021010121
25c60a (base 15) to base 16
1bace7
30892 (base 15) to base 9
253882
-171a43 (base 14) to base 16
-c61eb
What is -13147 (base 15) in base 12?
-2b3aa
Convert -31032322013 (base 4) to base 3.
-20112020111002
-111111111001011 (base 2) to base 9
-48780
-1365c (base 16) to base 13
-2a219
-71ca62 (base 13) to base 11
-1554335
Convert -110021210102 (base 3) to base 7.
-2025116
Convert -1321d6 (base 15) to base 13.
-262062
Convert -4104053 (base 10) to base 13.
-b09045
Convert 615394 (base 10) to base 8.
2261742
What is 1122011012102 (base 3) in base 14?
188a38
-212304131 (base 5) to base 13
-256b85
-7031288 (base 9) to base 16
-391445
Convert 1542067 (base 8) to base 12.
19475b
Convert -23232312 (base 4) to base 12.
-23986
Convert 58844 (base 11) to base 4.
110232011
-10028164 (base 9) to base 3
-100000222012011
What is 3435550 (base 7) in base 4?
1220310331
Convert 111110101000010111 (base 2) to base 5.
31202120
263243 (base 7) to base 11
33a48
What is -1aeaf1 (base 16) in base 5?
-422422311
-76341 (base 13) to base 11
-136595
-be173 (base 15) to base 5
-123320313
-6666161 (base 9) to base 10
-3586816
What is a837a4 (base 14) in base 10?
5695316
What is 632727 (base 8) in base 5?
23213031
What is 2301011020 (base 4) in base 9?
1324851
What is -1040100433 (base 5) in base 14?
-430bc0
What is -3244430 (base 5) in base 13?
-1c7a2
-54144164 (base 7) to base 2
-10001100110111111111101
Convert 13054 (base 10) to base 5.
404204
-1010010100001111011 (base 2) to base 4
-1102201323
What is -322565 (base 7) in base 9?
-85075
Convert 20012331311 (base 4) to base 5.
1021010220
What is 12111114 (base 6) in base 4?
1131121312
What is -143620 (base 9) in base 15?
-1b109
What is 49481 (base 10) in base 5?
3040411
What is 10341020241 (base 5) in base 13?
2446442
Convert 4443530 (base 6) to base 2.
110110101000001110
What is -61621 (base 15) in base 13?
-aa563
-130211320 (base 4) to base 15
-24a77
What is -21020202011 (base 3) in base 9?
-236664
What is 100001101001101100 (base 2) in base 15?
2ac91
192813 (base 10) to base 7
1432065
25a9a86 (base 11) to base 8
21144646
Convert 22130033 (base 5) to base 11.
121707
What is 103420441 (base 6) in base 14?
363653
753090 (base 11) to base 9
2235424
-1111220210111 (base 3) to base 6
-25132404
Convert -ac88 (base 16) to base 15.
-d148
4873058 (base 10) to base 8
22455542
-100104411 (base 5) to base 3
-202000221210
16848824 (base 9) to base 11
486a78a
459b (base 13) to base 2
10011000100001
-634402 (base 16) to base 15
-887834
What is -142233122 (base 5) in base 7?
-6212632
11021100001202 (base 3) to base 11
1310666
What is -8312200 (base 11) in base 16?
-dfe522
10a9490 (base 11) to base 9
3562166
337ab (base 13) to base 5
10443343
What is 11112200021 (base 3) in base 9?
145607
-13020002 (base 4) to base 9
-44028
What is 111001000010010011010101 (base 2) in base 16?
e424d5
-510125 (base 7) to base 16
-151e8
What is 273247 (base 8) in base 4?
113122213
Convert -82839 (base 11) to base 12.
-59aa8
-1221023 (base 6) to base 8
-177007
What is -20303224 (base 5) in base 11?
-103848
Convert 1042000031 (base 5) to base 10.
2296891
Convert -23135425 (base 7) to base 3.
-10210221010001
-7261532 (base 8) to base 12
-78a6a2
-804747 (base 9) to base 12
-1ab4ba
166c0 (base 13) to base 12
20a01
Convert -1323123031 (base 5) to base 8.
-14555433
Convert -3d770 (base 16) to base 12.
-101840
-110222122210 (base 3) to base 5
-31140010
110121120121 (base 3) to base 11
15a5a0
Convert -152510 (base 13) to base 10.
-519350
What is 178218 (base 14) in base 2?
11001010011010101110
4b64 (base 12) to base 2
10000101111100
Convert 15550511 (base 8) to base 2.
1101101101000101001001
895bd9 (base 16) to base 3
121221100100101
Convert 12a7d (base 15) to base 16.
e95f
What is 100101111001001000 (base 2) in base 15?
30ec3
What is -21031440 (base 5) in base 12?
-84837
What is 40140644 (base 7) in base 4?
30222301031
-112203314 (base 5) to base 8
-1735525
What is -387801 (base 11) in base 2?
-10010101000100000111
What is d346 (base 15) in base 9?
67173
-1468783 (base 10) to base 16
-16696f
What is -1000010101011011111010 (base 2) in base 11?
-1262652
Convert -57270177 (base 8) to base 10.
-12415103
What is -110101010000001 (base 2) in base 5?
-1333030
What is 68ab (base 13) in base 12?
85ab
What is 1000101001100001111010 (base 2) in base 5?
1040023013
What is 101010101001110 (base 2) in base 5?
1144323
1873368 (base 10) to base 8
7112730
Convert 2b8b8b (base 12) to base 9.
1348748
-11124132 (base 5) to base 13
-35baa
What is -c5856c (base 14) in base 3?
-110112211010212
What is 1335324402 (base 6) in base 8?
75670762
What is -7553364 (base 8) in base 16?
-1ed6f4
2906aa5 (base 11) to base 5
2240030032
What is -253523 (base 7) in base 11?
-32276
-72774 (base 12) to base 15
-2e554
What is 105f1 (base 16) in base 8?
202761
What is -211440131 (base 5) in base 6?
-31024321
What is -20442563 (base 7) in base 8?
-6450736
What is -1101444 (base 6) in base 15?
-1139a
What is -42c43 (base 14) in base 8?
-473433
11340311 (base 5) to base 6
2133214
1341061 (base 9) to base 7
6152440
What is -440795 (base 11) in base 12?
-29b2b3
Convert 27ca5 (base 15) to base 4.
133023302
-437622 (base 8) to base 15
-2d9d1
Convert -141423 (base 8) to base 3.
-2112111121
Convert -1abd95 (base 14) to base 11.
-5a2433
cc086 (base 14) to base 6
14331114
Convert -101011101100111100 (base 2) to base 13.
-63627
Convert 126521 (base 11) to base 13.
6c728
Convert 4030143 (base 6) to base 2.
101110100001101111
What is -1a5649 (base 12) in base 13?
-133cc2
89772 (base 12) to base 6
3525022
b2bbb0 (base 12) to base 15
3a4683
23523114 (base 6) to base 12
2b949a
Convert 7231174 (base 8) to base 2.
111010011001001111100
What is -5366401 (base 8) in base 6?
-50444241
-6aaa (base 14) to base 15
-5784
What is 22e12 (base 15) in base 14?
2c727
-33565 (base 13) to base 8
-266022
1022360 (base 9) to base 3
1000202102000
What is -22ab65 (base 14) in base 3?
-2020001121220
Convert 216734 (base 8) to base 6.
1322444
Convert 18106 (base 15) to base 16.
13020
2641789 (base 10) to base 9
4865761
What is 54105023 (base 6) in base 13?
43b0ba
What is -411b8 (base 15) in base 11?
-130a81
What is 66482 (base 10) in base 8?
201662
What is 2002201100221 (base 3) in base 16?
1108cf
112922 (base 10) to base 13
3c524
What is -112111012120 (base 3) in base 6?
-10040153
Convert 26c15 (base 13) to base 4.
101222132
-13433422 (base 7) to base 10
-1252162
2574533 (base 8) to base 10
719195
-46084 (base 11) to base 12
-32696
Convert -6973304 (base 10) to base 5.
-3241121204
Convert 1ab54 (base 16) to base 5.
12000041
What is -2341443 (base 5) in base 6?
-532445
Convert -192476 (base 10) to base 6.
-4043032
443330203 (base 5) to base 13
528bc0
Convert 8b586 (base 14) to base 6.
11131350
5b18a (base 13) to base 15
34855
Convert -8cf9 (base 16) to base 14.
-d21b
-85456 (base 14) to base 4
-1032211310
-303554503 (base 6) to base 3
-100211110122210
Convert -61782 (base 10) to base 7.
-345060
Convert -12704308 (base 9) to base 10.
-6262361
What is -301628 (base 12) in base 15?
-ebe65
Convert 1547b7 (base 13) to base 2.
1111111111110111011
Convert 212200112111 (base 3) to base 6.
13554234
-100000100010111111 (base 2) to base 11
-91182
What is -20b444 (base 13) in base 11?
-484694
What is 24154 (base 15) in base 4?
130011232
What is 501510 (base 8) in base 5?
20232210
What is 4200134 (base 9) in base 5?
1033301344
384ac6 (base 15) to base 8
12227465
What is 260955 (base 14) in base 11?
813786
What is -48196 (base 13) in base 4?
-200100100
Convert -5166336 (base 7) to base 10.
-621690
110111101001010000100 